 derivative of v(o). Is h(-5) composite?
True
Let w(o) = 739*o**3 - 2*o**2 - 4*o + 14. Is w(3) a composite number?
False
Let i be (3 - 6)*(-2)/(-3). Suppose 4*g - 18*g - 126 = 0. Is i/g - 1328/(-18) prime?
False
Let g = -20 - -44. Let h be -11 - (58/(-15) - 4/30). Let c = g - h. Is c prime?
True
Suppose 10104 = 6*f - 17394. Is f prime?
True
Let g(c) = 2*c**2 - 3*c + 2. Let m be g(2). Suppose 3*w + 55 = m*w. Is w a prime number?
False
Let a = -2719 + 4814. Is a a composite number?
True
Let w(q) = 89*q - 130. Is w(7) composite?
True
Suppose -5571 = -15*d - 786. Is d a prime number?
False
Let t(x) = -11 - 94*x - 417*x - 47*x. Is t(-5) composite?
True
Let u(m) = -m**2. Let o be u(0). Suppose o*p + 35 = -p. Let s = p + 50. Is s prime?
False
Let a(o) = 3*o**3 - 2*o**2 + o + 1. Suppose 9 = 5*u - 21. Is a(u) a composite number?
True
Suppose 0 = 3*x + 520 + 380. Let c(p) = 18*p + 61. Let s be c(25). Let w = s + x. Is w composite?
False
Is (-12 + 7 + -21174)/(-2 + 1) composite?
False
Let s = 2533 - 978. Is s a prime number?
False
Let c(n) = n**2 + 7*n - 14. Let i be c(-23). Suppose p + i = 5*p - 2*x, 449 = 5*p + 4*x. Is p a composite number?
False
Suppose 28*o + 206374 = 42*o. Is o a prime number?
True
Let r = -18 - -3. Let d = r + 12. Let k(v) = -3*v**3 - v**2 - 2*v + 4. Is k(d) composite?
True
Let b(v) = -v**2 - 860. Let l be b(0). Let m(r) = -r**2 - r + 3. Let i be m(8). Let p = i - l. Is p prime?
False
Is 568840/50 - (-8)/40 a prime number?
False
Suppose 24 = 4*z - 8*z. Let l be -1*3/z*10. Suppose 62 = l*a + 4*c - c, -26 = -a - 4*c. Is a a composite number?
True
Let w(s) = s**3 + 6*s**2 + 5*s + 16. Is w(14) prime?
False
Let a(b) = 1280*b + 67. Is a(2) a composite number?
True
Suppose 3*d - 4*f = 1687, d = -4*f + 345 + 228. Let x = -98 + d. Is x composite?
False
Let p be 1/2 - (-4)/8. Let o = p + -4. Is o - (-88 + -2 + 2) prime?
False
Let r = 15 + -33. Let v = -13 - r. Suppose -4*m + 211 = -v*i - 240, -i = 3*m - 362. Is m a prime number?
False
Suppose -9*b = -7*b - 2*s - 282, -2*s + 576 = 4*b. Is b a composite number?
True
Suppose -6*m + 18460 = 6622. Is m prime?
True
Suppose -19*p + 16*p + 102 = 0. Is 0 + (16*p - 3) prime?
True
Let i(w) = -w**2 - 12*w + 1. Let h be i(-11). Suppose 4*s + 4 = h. Suppose s*v - 97 = 21. Is v prime?
True
Let i = 392 + 1451. Is i prime?
False
Let q = -2340 - -1043. Let j = -554 - q. Is j composite?
False
Suppose 35*x - 416754 = 197531. Is x prime?
True
Let m be (-13118)/84 + 2/12. Let h = 1217 + m. Is h a composite number?
False
Suppose 802 = 7*h - 10377. Is h a composite number?
False
Let t(v) = -v**3 + 5*v**2 + 6*v + 3. Let h be t(6). Suppose 3*s = 5*y - 3 + 2, s = h*y - 3. Suppose 4*c - c - s*k = 81, c = -2*k + 12. Is c prime?
False
Let g(i) = 1266*i + 85. Is g(3) a prime number?
False
Suppose b = -2*b + 3*h + 18, -h + 10 = 3*b. Suppose -2536 = -0*v - b*v - 4*s, 5*s = 3*v - 1910. Is v prime?
False
Suppose -9*p - 933 = -7008. Suppose -3*n = 3*b - 2022, b + p = 2*b + 2*n. Is b a composite number?
False
Suppose m - 18 = -66. Let z = m + 103. Is z a prime number?
False
Suppose -2 = 2*o + 3*i, 6*o = 7*o + 3*i + 4. Suppose n = 1, 3*d - 4*n - 1011 = -o*d. Is d a composite number?
True
Let g(p) = 18*p**2 - 11*p + 24. Suppose 38*h - 5 = 37*h. Is g(h) a composite number?
False
Let i(y) = 127*y + 179. Is i(30) composite?
False
Let x be 30/8 - (-33)/(-44). Suppose 4*o - x*r + 15 = -8*r, 3*o = -2*r - 20. Let j(h) = -9*h + 3. Is j(o) composite?
True
Let v be (0 - -80)/2 - 4. Let j = v + 11. Suppose j + 648 = 5*u. Is u prime?
True
Suppose -99*t + 104*t = 12055. Is t prime?
True
Suppose 1851 = 2*i - 227. Is i prime?
True
Let z be (338/39)/(2/3). Is 2/(((-32)/(-316))/4)*z prime?
False
Suppose 944 = 3*f + 158. Suppose 2*n = -24 + f. Is n a prime number?
False
Suppose 165331 = -25*v + 719006. Is v a prime number?
True
Let l(q) = 205*q + 6. Is l(1) a composite number?
False
Suppose -121280 = 4*p - 8*p - 2*r, -90959 = -3*p - r. Is p composite?
False
Let h be (292 + -5)*(-2)/(-2). Suppose 3*b = 4*t + 905, b - h = 5*t - 0. Is b prime?
True
Let x = 1203 + 88. Is x composite?
False
Suppose 4*m - a = 3*a + 8, -m = -5*a - 10. Suppose -2*j + 33 + 355 = m. Is j prime?
False
Suppose r - 26573 = 4*d, 5*d + 6053 = 2*r - 47081. Is r a composite number?
False
Is 378522/13 + 34/(-442) a prime number?
False
Let c = 35471 + -18412. Is c prime?
False
Let w(o) = -717*o + 5 + 2 - 119*o - 4. Let r = 33 + -34. Is w(r) a prime number?
True
Let l(d) = d**2 - 18*d - 14. Let v be l(19). Suppose -v*r + 4051 = 2*b, 2*b = 4*r - 2*r - 1612. Is r prime?
True
Let x(a) = -a - 1. Let k(g) = -241*g + 2. Let l(p) = 483*p - 3. Let o(f) = -5*k(f) - 2*l(f). Let i(y) = -o(y) + 5*x(y). Is i(-2) prime?
True
Is (-229746)/(-42)*3 - 20/(-35) a composite number?
False
Let u(f) = -295*f - 2. Let t = 0 + -1. Is u(t) a composite number?
False
Let r(b) = -34*b - 3. Let d(i) = 2*i + 14. Let q be d(-7). Suppose j - 9 + 13 = q. Is r(j) composite?
True
Is 1156 + -6 + (3 - -1) composite?
True
Let v be -1 + (3 - 1) + 4. Suppose 1 = -i + t, -2*i + 3*i + 17 = v*t. Is i prime?
True
Suppose 5*k = k + 8. Let l(o) = 134*o**2 - 2*o + 1. Is l(k) prime?
False
Let a(u) = u**2 - 4*u + 3. Let r be a(0). Suppose 0 = 5*v - 2*c - 3715, -c - 654 = r*v - 2883. Is v a composite number?
False
Let v = -42 - 0. Let y(j) = 4*j**3 + 2*j**2 + j + 3. Let r be y(-2). Let q = r - v. Is q composite?
False
Let o = -7 + 10. Let n be 2 + o - 1/(-1). Suppose 432 = n*g - 84. Is g a prime number?
False
Let g(d) be the third derivative of d**6/120 - 2*d**5/15 - d**4/24 - d**3/3 - 3*d**2. Let j be g(6). Let n = 133 + j. Is n a prime number?
True
Let n be -3 - (-3)/(3/1187). Suppose 4*t + n = 4*l, -l + 158 + 123 = -4*t. Is l prime?
False
Let l(a) = -a**3 - 6*a + 9984. Let z be l(0). Is (-10)/(-55) - z/(-22) a composite number?
True
Let l(p) = 65*p. Let i be l(3). Let h = i + -116. Is h composite?
False
Let s = -6 + 6. Let l(v) = -8 - 3*v + s + 8. Is l(-1) composite?
False
Let p(o) = -110*o - 247. Is p(-19) a composite number?
True
Let y(j) = 15*j + 5. Let u be y(3). Suppose u*h = 48*h + 4782. Is h prime?
False
Let u(b) = b**2 + 2*b - 5. Let v be u(0). Let z(c) = 12*c**2 - 2*c - 6. Let h be z(v). Let g = 69 + h. Is g composite?
False
Let g(f) = 2*f**2 + 2. Let i be g(-3). Suppose -u - 2*n = -3*n + 4, 5*n - i = -u. Suppose -s + 5*j + 0*j + 114 = u, -4*s + 361 = -j. Is s prime?
True
Let d = 4 - 4. Is (-76)/8*(d + -2) a prime number?
True
Suppose 40*t - 174699 - 50821 = 0. Is t prime?
False
Let v be 10/(-10) - -1*2. Let o be -2 - (v - -4 - 1). Let z(u) = -5*u - 7. Is z(o) a prime number?
True
Let i(c) = -5*c**3 - c**2 + 1. Let z be i(1). Let p = z + 9. Is 310 - (-3*p)/(-4) a composite number?
False
Suppose 4*i = 5*i. Let f = 138 - 100. Suppose i = -0*t - t + f. Is t a composite number?
True
Suppose -11683 = -50*s + 43*s. Is s composite?
False
Suppose 16*a = 6*a + 8030. Is a prime?
False
Is 5*22751/2*12/30 composite?
False
Suppose c - 7 = -5. Suppose 5*f + 17 = -4*s, c*f + 12 = 2*s + 34. Is 4/s - (-598)/4 a composite number?
False
Let g be ((-740)/6)/(16/(-96)). Let z = 659 + g. Is z a composite number?
False
Let n = 2012 + -981. Is n a composite number?
False
Suppose 3*j = -2*a + 126, 32 = j - 0*a + 4*a. Suppose -v + 3*v = -56. Is (j/16)/((-1)/v) a composite number?
True
Let r(c) be the first derivative of c**3/3 - 2*c**2 + 6*c - 29. Is r(3) a composite number?
False
Let z = -4 - -6. Suppose q = 4*w - 1, 0*q + 4*w = 3*q - 29. Suppose -4*s = -s - 2*i - q, -z*s = 2*i. Is s a prime number?
True
Let v(k) be the first derivative of 10*k**3 - k - 3. Suppose 4 = w - 0. Is v(w) prime?
True
Suppose 2*b + 8 = 2*i, 4*i - i = -b + 12. Suppose -7*v + 2*v + 10 = b. Suppose v*o = 5*j - 787, 0*j = -3*j + 3*o + 474. Is j a prime number?
True
Suppose -20*q + 19*q + 2782 = 0. Suppose 4585 = 5*k - 2*f, 2*k + k - q = -5*f. Is k a prime number?
True
Suppose 0*m - 3*m = -2*f, -3*m = -4*f. Suppose m = b, 0*b - 5*b = -y + 613. Is y a composite number?
False
Let y(j) = -13*j. Let o(s) = s**2 - 8*s - 5. Let t be o(9). Let p be y(t). Is ((-1842)/(-8))/((-39)/p) a prime number?
True
Let f = 23175 + 13506. Is f a composite number?
True
Suppose 2*l - 118 - 40 = 0. Suppose -p = 20 - l. Is p prime?
True
Let b(h) = -1896*h - 4. Let i be b(-4). Suppose 5*u = -5*z